220 = 0. What is the highest common factor of 477 and m?
53
Let s(r) = -r**3 - 40*r**2 - 25*r + 33. Let j be s(-39). Let b = 638 + j. What is the greatest common factor of 50 and b?
25
Suppose -5*z + 64 = -61. Suppose -1461*p + 18729 = -3186. Calculate the highest common factor of z and p.
5
Let l(n) = 99*n**3 - 2*n**2 + n + 3. Let k be l(-1). Let j = -87 - k. Let g = j - -24. What is the greatest common divisor of 4 and g?
4
Let n = 852 + 7401. Calculate the greatest common factor of n and 189.
63
Let g(b) = 36*b - 5. Let v be g(2). Suppose 4*c - 419 + v = 0. Suppose 0 = -13*h + 466 - 362. Calculate the highest common divisor of h and c.
8
Suppose 0 = -14*q + 11*q + 7477 + 2252. What is the greatest common divisor of q and 138?
69
Suppose 3*a - 204 = -9. Suppose 472 = 2*r + 1782*s - 1788*s, -869 = -4*r - 3*s. Calculate the highest common divisor of a and r.
13
Let x be (15 - 3)*2/3. Suppose 174 = -9*h - 456. Let c = 102 + h. Calculate the greatest common divisor of x and c.
8
Suppose 0 = 2*v + 4*f - 1236, -328*f = 3*v - 330*f - 1902. Calculate the highest common divisor of 140 and v.
70
Let s be ((-6)/(10 - -2))/((-7)/938). Suppose -3*q = -z + 172, -z - 224 = 4*q - 5*z. Let y = s + q. Calculate the highest common divisor of y and 9.
9
Suppose 45 = 5*t + 5*c, -c - 3 = -8. Suppose -4*h - 48 = -4*v + 44, -t*v - 2*h = -104. Calculate the highest common factor of 225 and v.
25
Let i be (-610)/30*-1*3. Let b = i + -49. Suppose -8 = 5*l - 428. What is the greatest common factor of l and b?
12
Suppose 70 = 18*m - 38. Suppose m*g - 7*g + 36 = 0. What is the highest common factor of g and 126?
18
Suppose 2*x - 10330 = 2*c, 0 = 20*x - 18*x + c - 10345. Calculate the highest common factor of 1430 and x.
110
Suppose 0 = 2*n - 2*c - 1558, -c = -3*n + 1928 + 417. Calculate the greatest common factor of n and 29.
29
Suppose n - 10896 = -5*y, -6532 = -3*y + n - 3*n. Calculate the highest common divisor of 100 and y.
20
Let o(y) = 17*y + 321. Let l be o(-18). Let h(b) = 2*b**2 - 5*b + 6. Let n be h(6). Suppose -l*z = -19*z + n. What is the greatest common factor of z and 84?
12
Let o(i) = -i**2 + 12*i + 1. Let j be o(8). Suppose 7560 = j*h - 6*h. What is the highest common factor of h and 168?
56
Let r(g) = 189*g**2 + 20*g + 17. Let o be r(-1). Calculate the highest common factor of o and 2480.
62
Let k(t) = -3*t**2 - 20*t + 9. Let l be k(9). Let y = l - -422. Calculate the greatest common divisor of 888 and y.
8
Let a be -51 + (7/3 - 3/9). Let i = a + 49. Suppose 2*g + q = -i*q + 52, 4*g - 100 = -4*q. What is the highest common divisor of g and 54?
27
Let a be (-6)/(-48) - 407/(-8). Suppose -12*i = -11*i - a. Calculate the greatest common factor of i and 306.
51
Let i be ((-52)/(-1))/(5/((-15)/(-6))). Suppose -21*u - i = -23*u. Calculate the highest common factor of 767 and u.
13
Let y(n) = 73*n + 526. Let i be y(-4). Calculate the greatest common factor of 1378 and i.
26
Suppose -5*m + 13630 + 6828 = 4*z, 2*z - 10218 = 3*m. What is the greatest common factor of 108 and z?
36
Let w(d) = 5*d**2 - 69*d - 93. Let o be w(-39). Calculate the highest common factor of 228 and o.
57
Let a be 31 + (-4)/(-12)*-3. Let f be (-56)/20*a/(-1). Let y be (-233)/(-11) + 34/(-187). Calculate the highest common factor of y and f.
21
Let b = -16 - -19. Let u(m) = 3*m**3 + 3*m**2 - 4*m. Let n be u(b). Let r be 418/13 - 212/1378. Calculate the highest common divisor of r and n.
32
Let g be 15/2*(-32 - 6800/(-75)). What is the greatest common factor of g and 3560?
40
Suppose 3*w = -22 + 37, j - 610 = -5*w. What is the greatest common divisor of j and 234?
117
Let i = 11 - -3. Suppose -5*q + 1 = -i. Let d be (20 + 7)*112/(-3024)*(-6 - 1). Calculate the highest common divisor of q and d.
1
Let o(a) = -1776*a + 7273. Let z be o(4). What is the highest common divisor of 741 and z?
13
Let x be 14 + 1 - -8 - (-15)/(-3). Suppose s - 68 = -m, -2*s + 3*m = -253 + 97. Calculate the highest common divisor of x and s.
18
Let t be -8 + 9 - 62*4/(-8). Suppose -2*j + 9 = 2*o - 9, -3*j - 5 = -o. What is the greatest common factor of t and o?
8
Suppose 99718 + 85202 = 115*v. What is the highest common factor of v and 96?
24
Let n = 9287 - 8642. What is the greatest common factor of 45 and n?
15
Let t = -257 + 288. Suppose 13440 = t*l - 3*l. What is the highest common divisor of l and 30?
30
Let y = -7446 - -7464. Calculate the greatest common factor of 9846 and y.
18
Let v(a) = -a**2 + a + 68. Let x be v(8). Let t = 1086 - 618. Calculate the highest common factor of x and t.
12
Let g(v) = 17*v - 10. Let f be g(1). Suppose 0 = 16*a - f*a - 9. Calculate the highest common factor of 49 and a.
1
Let t(v) = -v**2 - 8*v + 7. Let g be t(-8). Suppose 13*f - 3325 = -6*f. What is the highest common factor of g and f?
7
Suppose -7*n + 3*n + 29533 = 5*p, 14742 = 2*n + 6*p. What is the greatest common factor of n and 63?
21
Suppose -2*j + 17 - 13 = 0, -383 = -n + j. What is the highest common divisor of 330 and n?
55
Let u(p) be the third derivative of p**5/60 + p**4/6 + 7*p**3/3 - 30*p**2. Let k be u(6). Let w = 265 + -80. What is the greatest common factor of k and w?
37
Suppose b - 210 + 94 = -2*w, -b = 5*w - 287. Let a(i) = 3*i**3 + 8*i + 4. Let x be a(4). Calculate the greatest common divisor of w and x.
57
Let v = 329 - 185. Let b be 346/16 + (-21)/(-56). Suppose 8*s - 480 = -b*s. Calculate the greatest common factor of s and v.
16
Let d = 8 + 9. Let n = 680 + -476. What is the highest common divisor of d and n?
17
Suppose 3*q + 107 = -5*f, -3*f = -3*q + 13 + 32. Let m = 22 + f. Suppose 5*s = 4*r - 68, 5*s = -0*r - m*r + 16. What is the highest common divisor of r and 8?
4
Let o = 210920 + -145114. Calculate the highest common divisor of 26 and o.
26
Suppose 5*k - 290 = -0*k. Let m = 385 + -354. Suppose -m = -v - 2. Calculate the highest common factor of v and k.
29
Let m(p) = -11 + 15*p - 66*p**2 - 59*p**2 + 124*p**2. Let n be m(14). What is the greatest common factor of n and 19?
1
Let b be 981/39 + 4/(-26). Let f(i) = 14*i**3 + 2*i**2 - 1. Let o be f(1). Let r = o + -10. Calculate the highest common divisor of b and r.
5
Suppose -5*d + 40 + 40 = 0. Let j = -89672 - -89678. Calculate the greatest common factor of j and d.
2
Let q be 4*(0 - (-15)/(-12))*(-784)/40. What is the greatest common divisor of 1911 and q?
49
Let m be 7/(-5) - (-4 + (-2614)/10). Calculate the greatest common divisor of m and 144.
24
Suppose 2402*b - 2324*b = 143520. What is the greatest common divisor of 644 and b?
92
Let b(i) = -504*i - 7928. Let u be b(-16). Calculate the greatest common factor of u and 22168.
136
Suppose 2*q - 4*a = 2056, 5*q - 3103 = 2*a + 2045. What is the greatest common divisor of 40 and q?
10
Suppose -2*a = g - 66, a + g + 39 = 2*a. Let z(c) = 69*c. Let p be z(2). Let y = p - 68. Calculate the highest common divisor of y and a.
35
Let y(m) = -80*m + 1281. Let q be y(16). What is the greatest common factor of q and 1?
1
Let x be ((-270)/315)/((-2)/154). What is the greatest common factor of 4 and x?
2
Suppose 2630*x - 2655*x + 50868 = -62132. Calculate the highest common factor of 339 and x.
113
Let s be 11277/(-27)*(-423)/329. Calculate the highest common divisor of 9308 and s.
179
Let x(q) be the second derivative of 49*q**3/6 - 3*q**2/2 + q. Let y = 168 + -165. Let g be x(y). Calculate the greatest common divisor of g and 18.
18
Suppose 0 = -1824*f + 1783*f + 820. Calculate the greatest common divisor of 1136 and f.
4
Let m(f) = -f**2 - 20*f - 9. Let a be m(-8). Let b = -108 + 186. Suppose -3*r = -r + 3*x - b, 3*x + a = 3*r. Calculate the highest common divisor of r and 22.
11
Let y(j) = 6*j**2 - 135*j + 834. Let t be y(6). Calculate the highest common divisor of t and 1104.
48
Let t be 6714/144 - 7 - (-3)/8. Calculate the greatest common factor of 16 and t.
8
Suppose 17*s = 4*h + 14*s - 3264, s = -4*h + 3280. Calculate the greatest common divisor of 1386 and h.
63
Let f(o) = 2*o**3 + 18*o**2 - 75*o + 1895. Let v be f(20). Calculate the highest common factor of v and 39.
39
Suppose r + 0*r = 0. Suppose 0 = -5*k - r*k. Suppose 12*s - 8*s - 80 = k. What is the highest common factor of s and 10?
10
Let c(w) = 5*w + 306. Let g be c(-17). Suppose 10*q - 339 - g = 0. What is the highest common factor of q